{"id":116,"date":"2018-06-28T16:20:24","date_gmt":"2018-06-28T14:20:24","guid":{"rendered":"https:\/\/newcbp.lu\/?page_id=116"},"modified":"2025-04-17T13:31:26","modified_gmt":"2025-04-17T11:31:26","slug":"erreur-404","status":"publish","type":"page","link":"https:\/\/newcbp.lu\/?page_id=116","title":{"rendered":"Erreur 404"},"content":{"rendered":"\t\t<div data-elementor-type=\"wp-post\" data-elementor-id=\"116\" class=\"elementor elementor-116\">\n\t\t\t\t\t\t<section class=\"elementor-section elementor-top-section elementor-element elementor-element-666e9c3 elementor-section-boxed elementor-section-height-default elementor-section-height-default\" data-id=\"666e9c3\" data-element_type=\"section\">\n\t\t\t\t\t\t<div class=\"elementor-container elementor-column-gap-default\">\n\t\t\t\t\t<div class=\"elementor-column elementor-col-100 elementor-top-column elementor-element elementor-element-3bcc7c3\" data-id=\"3bcc7c3\" data-element_type=\"column\">\n\t\t\t<div class=\"elementor-widget-wrap elementor-element-populated\">\n\t\t\t\t\t\t<div class=\"elementor-element elementor-element-0d1aecc elementor-widget elementor-widget-text-editor\" data-id=\"0d1aecc\" data-element_type=\"widget\" data-widget_type=\"text-editor.default\">\n\t\t\t\t<div class=\"elementor-widget-container\">\n\t\t\t\t\t\t\t\t\t<p>La page que vous souhaitez atteindre n&rsquo;existe plus ou a \u00e9t\u00e9 d\u00e9plac\u00e9e.<\/p><p>Cliquez sur une des pages du menu pour retourner \u00e0 la navigation.<\/p>\t\t\t\t\t\t\t\t<\/div>\n\t\t\t\t<\/div>\n\t\t\t\t<div class=\"elementor-element elementor-element-ed1a474 elementor-widget elementor-widget-image\" data-id=\"ed1a474\" data-element_type=\"widget\" data-widget_type=\"image.default\">\n\t\t\t\t<div class=\"elementor-widget-container\">\n\t\t\t\t\t\t\t\t\t\t\t\t\t\t\t<img data-opt-id=1768163937  fetchpriority=\"high\" decoding=\"async\" data-attachment-id=\"349\" data-permalink=\"https:\/\/newcbp.lu\/?attachment_id=349\" data-orig-file=\"https:\/\/mlddeqbzinoo.i.optimole.com\/w:auto\/h:auto\/q:mauto\/ig:avif\/https:\/\/newcbp.lu\/wp-content\/uploads\/2025\/04\/404.png\" data-orig-size=\"860,860\" data-comments-opened=\"0\" data-image-meta=\"{&quot;aperture&quot;:&quot;0&quot;,&quot;credit&quot;:&quot;&quot;,&quot;camera&quot;:&quot;&quot;,&quot;caption&quot;:&quot;&quot;,&quot;created_timestamp&quot;:&quot;0&quot;,&quot;copyright&quot;:&quot;&quot;,&quot;focal_length&quot;:&quot;0&quot;,&quot;iso&quot;:&quot;0&quot;,&quot;shutter_speed&quot;:&quot;0&quot;,&quot;title&quot;:&quot;&quot;,&quot;orientation&quot;:&quot;0&quot;}\" data-image-title=\"404\" data-image-description=\"\" data-image-caption=\"\" data-medium-file=\"https:\/\/mlddeqbzinoo.i.optimole.com\/w:300\/h:300\/q:mauto\/ig:avif\/https:\/\/newcbp.lu\/wp-content\/uploads\/2025\/04\/404.png\" data-large-file=\"https:\/\/mlddeqbzinoo.i.optimole.com\/w:auto\/h:auto\/q:mauto\/ig:avif\/https:\/\/newcbp.lu\/wp-content\/uploads\/2025\/04\/404.png\" width=\"750\" height=\"750\" src=\"https:\/\/mlddeqbzinoo.i.optimole.com\/w:auto\/h:auto\/q:mauto\/ig:avif\/https:\/\/newcbp.lu\/wp-content\/uploads\/2025\/04\/404.png\" class=\"elementor-animation-skew-backward attachment-large size-large wp-image-349\" alt=\"404\" srcset=\"https:\/\/mlddeqbzinoo.i.optimole.com\/w:860\/h:860\/q:mauto\/ig:avif\/https:\/\/newcbp.lu\/wp-content\/uploads\/2025\/04\/404.png 860w, https:\/\/mlddeqbzinoo.i.optimole.com\/w:300\/h:300\/q:mauto\/ig:avif\/https:\/\/newcbp.lu\/wp-content\/uploads\/2025\/04\/404.png 300w, https:\/\/mlddeqbzinoo.i.optimole.com\/w:150\/h:150\/q:mauto\/ig:avif\/https:\/\/newcbp.lu\/wp-content\/uploads\/2025\/04\/404.png 150w, https:\/\/mlddeqbzinoo.i.optimole.com\/w:768\/h:768\/q:mauto\/ig:avif\/https:\/\/newcbp.lu\/wp-content\/uploads\/2025\/04\/404.png 768w\" sizes=\"(max-width: 750px) 100vw, 750px\" data-attachment-id=\"349\" data-permalink=\"https:\/\/newcbp.lu\/?attachment_id=349\" data-orig-file=\"https:\/\/mlddeqbzinoo.i.optimole.com\/w:auto\/h:auto\/q:mauto\/ig:avif\/https:\/\/newcbp.lu\/wp-content\/uploads\/2025\/04\/404.png\" data-orig-size=\"860,860\" data-comments-opened=\"0\" data-image-meta=\"{&quot;aperture&quot;:&quot;0&quot;,&quot;credit&quot;:&quot;&quot;,&quot;camera&quot;:&quot;&quot;,&quot;caption&quot;:&quot;&quot;,&quot;created_timestamp&quot;:&quot;0&quot;,&quot;copyright&quot;:&quot;&quot;,&quot;focal_length&quot;:&quot;0&quot;,&quot;iso&quot;:&quot;0&quot;,&quot;shutter_speed&quot;:&quot;0&quot;,&quot;title&quot;:&quot;&quot;,&quot;orientation&quot;:&quot;0&quot;}\" data-image-title=\"404\" data-image-description=\"\" data-image-caption=\"\" data-medium-file=\"https:\/\/mlddeqbzinoo.i.optimole.com\/w:300\/h:300\/q:mauto\/ig:avif\/https:\/\/newcbp.lu\/wp-content\/uploads\/2025\/04\/404.png\" data-large-file=\"https:\/\/mlddeqbzinoo.i.optimole.com\/w:auto\/h:auto\/q:mauto\/ig:avif\/https:\/\/newcbp.lu\/wp-content\/uploads\/2025\/04\/404.png\" \/>\t\t\t\t\t\t\t\t\t\t\t\t\t\t\t<\/div>\n\t\t\t\t<\/div>\n\t\t\t\t\t<\/div>\n\t\t<\/div>\n\t\t\t\t\t<\/div>\n\t\t<\/section>\n\t\t\t\t<\/div>\n\t\t","protected":false},"excerpt":{"rendered":"<p>La page que vous souhaitez atteindre n&rsquo;existe plus ou a \u00e9t\u00e9 d\u00e9plac\u00e9e. Cliquez sur une des pages du menu pour retourner \u00e0 la navigation.<\/p>\n","protected":false},"author":1,"featured_media":0,"parent":0,"menu_order":0,"comment_status":"closed","ping_status":"closed","template":"","meta":{"_exactmetrics_skip_tracking":false,"_exactmetrics_sitenote_active":false,"_exactmetrics_sitenote_note":"","_exactmetrics_sitenote_category":0,"_themeisle_gutenberg_block_has_review":false,"jetpack_post_was_ever_published":false,"footnotes":""},"class_list":["post-116","page","type-page","status-publish","hentry"],"yoast_head":"<!-- This site is optimized with the Yoast SEO plugin v24.9 - https:\/\/yoast.com\/wordpress\/plugins\/seo\/ -->\n<title>Erreur 404 - New CBP<\/title>\n<meta name=\"robots\" content=\"noindex, nofollow\" \/>\n<meta property=\"og:locale\" content=\"fr_FR\" \/>\n<meta property=\"og:type\" content=\"article\" \/>\n<meta property=\"og:title\" content=\"Erreur 404 - New CBP\" \/>\n<meta property=\"og:description\" content=\"La page que vous souhaitez atteindre n&rsquo;existe plus ou a \u00e9t\u00e9 d\u00e9plac\u00e9e. Cliquez sur une des pages du menu pour retourner \u00e0 la navigation.\" \/>\n<meta property=\"og:url\" content=\"https:\/\/newcbp.lu\/?page_id=116\" \/>\n<meta property=\"og:site_name\" content=\"New CBP\" \/>\n<meta property=\"article:modified_time\" content=\"2025-04-17T11:31:26+00:00\" \/>\n<meta property=\"og:image\" content=\"https:\/\/mlddeqbzinoo.i.optimole.com\/w:auto\/h:auto\/q:mauto\/ig:avif\/https:\/\/newcbp.lu\/wp-content\/uploads\/2025\/04\/404.png\" \/>\n<meta name=\"twitter:card\" content=\"summary_large_image\" \/>\n<meta name=\"twitter:label1\" content=\"Dur\u00e9e de lecture estim\u00e9e\" \/>\n\t<meta name=\"twitter:data1\" content=\"1 minute\" \/>\n<script type=\"application\/ld+json\" class=\"yoast-schema-graph\">{\"@context\":\"https:\/\/schema.org\",\"@graph\":[{\"@type\":\"WebPage\",\"@id\":\"https:\/\/newcbp.lu\/?page_id=116\",\"url\":\"https:\/\/newcbp.lu\/?page_id=116\",\"name\":\"Erreur 404 - New CBP\",\"isPartOf\":{\"@id\":\"https:\/\/newcbp.lu\/#website\"},\"primaryImageOfPage\":{\"@id\":\"https:\/\/newcbp.lu\/?page_id=116#primaryimage\"},\"image\":{\"@id\":\"https:\/\/newcbp.lu\/?page_id=116#primaryimage\"},\"thumbnailUrl\":\"https:\/\/mlddeqbzinoo.i.optimole.com\/w:auto\/h:auto\/q:mauto\/ig:avif\/https:\/\/newcbp.lu\/wp-content\/uploads\/2025\/04\/404.png\",\"datePublished\":\"2018-06-28T14:20:24+00:00\",\"dateModified\":\"2025-04-17T11:31:26+00:00\",\"breadcrumb\":{\"@id\":\"https:\/\/newcbp.lu\/?page_id=116#breadcrumb\"},\"inLanguage\":\"fr-FR\",\"potentialAction\":[{\"@type\":\"ReadAction\",\"target\":[\"https:\/\/newcbp.lu\/?page_id=116\"]}]},{\"@type\":\"ImageObject\",\"inLanguage\":\"fr-FR\",\"@id\":\"https:\/\/newcbp.lu\/?page_id=116#primaryimage\",\"url\":\"https:\/\/mlddeqbzinoo.i.optimole.com\/w:auto\/h:auto\/q:mauto\/ig:avif\/https:\/\/newcbp.lu\/wp-content\/uploads\/2025\/04\/404.png\",\"contentUrl\":\"https:\/\/mlddeqbzinoo.i.optimole.com\/w:auto\/h:auto\/q:mauto\/ig:avif\/https:\/\/newcbp.lu\/wp-content\/uploads\/2025\/04\/404.png\",\"width\":860,\"height\":860,\"caption\":\"404\"},{\"@type\":\"BreadcrumbList\",\"@id\":\"https:\/\/newcbp.lu\/?page_id=116#breadcrumb\",\"itemListElement\":[{\"@type\":\"ListItem\",\"position\":1,\"name\":\"Accueil\",\"item\":\"https:\/\/newcbp.lu\/\"},{\"@type\":\"ListItem\",\"position\":2,\"name\":\"Erreur 404\"}]},{\"@type\":\"WebSite\",\"@id\":\"https:\/\/newcbp.lu\/#website\",\"url\":\"https:\/\/newcbp.lu\/\",\"name\":\"New CBP\",\"description\":\"Votre partenaire en \u00e9quipements de protection individuelle et fourniture industrielle au Luxembourg\",\"publisher\":{\"@id\":\"https:\/\/newcbp.lu\/#organization\"},\"potentialAction\":[{\"@type\":\"SearchAction\",\"target\":{\"@type\":\"EntryPoint\",\"urlTemplate\":\"https:\/\/newcbp.lu\/?s={search_term_string}\"},\"query-input\":{\"@type\":\"PropertyValueSpecification\",\"valueRequired\":true,\"valueName\":\"search_term_string\"}}],\"inLanguage\":\"fr-FR\"},{\"@type\":\"Organization\",\"@id\":\"https:\/\/newcbp.lu\/#organization\",\"name\":\"New CBP\",\"url\":\"https:\/\/newcbp.lu\/\",\"logo\":{\"@type\":\"ImageObject\",\"inLanguage\":\"fr-FR\",\"@id\":\"https:\/\/newcbp.lu\/#\/schema\/logo\/image\/\",\"url\":\"https:\/\/mlddeqbzinoo.i.optimole.com\/w:auto\/h:auto\/q:mauto\/ig:avif\/https:\/\/newcbp.lu\/wp-content\/uploads\/2025\/04\/logo-newcbp-1.png\",\"contentUrl\":\"https:\/\/mlddeqbzinoo.i.optimole.com\/w:auto\/h:auto\/q:mauto\/ig:avif\/https:\/\/newcbp.lu\/wp-content\/uploads\/2025\/04\/logo-newcbp-1.png\",\"width\":2950,\"height\":820,\"caption\":\"New CBP\"},\"image\":{\"@id\":\"https:\/\/newcbp.lu\/#\/schema\/logo\/image\/\"}}]}<\/script>\n<!-- \/ Yoast SEO plugin. -->","yoast_head_json":{"title":"Erreur 404 - New CBP","robots":{"index":"noindex","follow":"nofollow"},"og_locale":"fr_FR","og_type":"article","og_title":"Erreur 404 - New CBP","og_description":"La page que vous souhaitez atteindre n&rsquo;existe plus ou a \u00e9t\u00e9 d\u00e9plac\u00e9e. Cliquez sur une des pages du menu pour retourner \u00e0 la navigation.","og_url":"https:\/\/newcbp.lu\/?page_id=116","og_site_name":"New CBP","article_modified_time":"2025-04-17T11:31:26+00:00","og_image":[{"url":"https:\/\/mlddeqbzinoo.i.optimole.com\/w:auto\/h:auto\/q:mauto\/ig:avif\/https:\/\/newcbp.lu\/wp-content\/uploads\/2025\/04\/404.png","type":"","width":"","height":""}],"twitter_card":"summary_large_image","twitter_misc":{"Dur\u00e9e de lecture estim\u00e9e":"1 minute"},"schema":{"@context":"https:\/\/schema.org","@graph":[{"@type":"WebPage","@id":"https:\/\/newcbp.lu\/?page_id=116","url":"https:\/\/newcbp.lu\/?page_id=116","name":"Erreur 404 - New CBP","isPartOf":{"@id":"https:\/\/newcbp.lu\/#website"},"primaryImageOfPage":{"@id":"https:\/\/newcbp.lu\/?page_id=116#primaryimage"},"image":{"@id":"https:\/\/newcbp.lu\/?page_id=116#primaryimage"},"thumbnailUrl":"https:\/\/mlddeqbzinoo.i.optimole.com\/w:auto\/h:auto\/q:mauto\/ig:avif\/https:\/\/newcbp.lu\/wp-content\/uploads\/2025\/04\/404.png","datePublished":"2018-06-28T14:20:24+00:00","dateModified":"2025-04-17T11:31:26+00:00","breadcrumb":{"@id":"https:\/\/newcbp.lu\/?page_id=116#breadcrumb"},"inLanguage":"fr-FR","potentialAction":[{"@type":"ReadAction","target":["https:\/\/newcbp.lu\/?page_id=116"]}]},{"@type":"ImageObject","inLanguage":"fr-FR","@id":"https:\/\/newcbp.lu\/?page_id=116#primaryimage","url":"https:\/\/mlddeqbzinoo.i.optimole.com\/w:auto\/h:auto\/q:mauto\/ig:avif\/https:\/\/newcbp.lu\/wp-content\/uploads\/2025\/04\/404.png","contentUrl":"https:\/\/mlddeqbzinoo.i.optimole.com\/w:auto\/h:auto\/q:mauto\/ig:avif\/https:\/\/newcbp.lu\/wp-content\/uploads\/2025\/04\/404.png","width":860,"height":860,"caption":"404"},{"@type":"BreadcrumbList","@id":"https:\/\/newcbp.lu\/?page_id=116#breadcrumb","itemListElement":[{"@type":"ListItem","position":1,"name":"Accueil","item":"https:\/\/newcbp.lu\/"},{"@type":"ListItem","position":2,"name":"Erreur 404"}]},{"@type":"WebSite","@id":"https:\/\/newcbp.lu\/#website","url":"https:\/\/newcbp.lu\/","name":"New CBP","description":"Votre partenaire en \u00e9quipements de protection individuelle et fourniture industrielle au Luxembourg","publisher":{"@id":"https:\/\/newcbp.lu\/#organization"},"potentialAction":[{"@type":"SearchAction","target":{"@type":"EntryPoint","urlTemplate":"https:\/\/newcbp.lu\/?s={search_term_string}"},"query-input":{"@type":"PropertyValueSpecification","valueRequired":true,"valueName":"search_term_string"}}],"inLanguage":"fr-FR"},{"@type":"Organization","@id":"https:\/\/newcbp.lu\/#organization","name":"New CBP","url":"https:\/\/newcbp.lu\/","logo":{"@type":"ImageObject","inLanguage":"fr-FR","@id":"https:\/\/newcbp.lu\/#\/schema\/logo\/image\/","url":"https:\/\/mlddeqbzinoo.i.optimole.com\/w:auto\/h:auto\/q:mauto\/ig:avif\/https:\/\/newcbp.lu\/wp-content\/uploads\/2025\/04\/logo-newcbp-1.png","contentUrl":"https:\/\/mlddeqbzinoo.i.optimole.com\/w:auto\/h:auto\/q:mauto\/ig:avif\/https:\/\/newcbp.lu\/wp-content\/uploads\/2025\/04\/logo-newcbp-1.png","width":2950,"height":820,"caption":"New CBP"},"image":{"@id":"https:\/\/newcbp.lu\/#\/schema\/logo\/image\/"}}]}},"jetpack_sharing_enabled":true,"jetpack_shortlink":"https:\/\/wp.me\/Pad1iV-1S","jetpack-related-posts":[],"_links":{"self":[{"href":"https:\/\/newcbp.lu\/index.php?rest_route=\/wp\/v2\/pages\/116","targetHints":{"allow":["GET"]}}],"collection":[{"href":"https:\/\/newcbp.lu\/index.php?rest_route=\/wp\/v2\/pages"}],"about":[{"href":"https:\/\/newcbp.lu\/index.php?rest_route=\/wp\/v2\/types\/page"}],"author":[{"embeddable":true,"href":"https:\/\/newcbp.lu\/index.php?rest_route=\/wp\/v2\/users\/1"}],"replies":[{"embeddable":true,"href":"https:\/\/newcbp.lu\/index.php?rest_route=%2Fwp%2Fv2%2Fcomments&post=116"}],"version-history":[{"count":8,"href":"https:\/\/newcbp.lu\/index.php?rest_route=\/wp\/v2\/pages\/116\/revisions"}],"predecessor-version":[{"id":354,"href":"https:\/\/newcbp.lu\/index.php?rest_route=\/wp\/v2\/pages\/116\/revisions\/354"}],"wp:attachment":[{"href":"https:\/\/newcbp.lu\/index.php?rest_route=%2Fwp%2Fv2%2Fmedia&parent=116"}],"curies":[{"name":"wp","href":"https:\/\/api.w.org\/{rel}","templated":true}]}}